67?
3
What is the hundreds digit of 62342100?
1
What is the hundred thousands digit of 1311263467?
2
What is the thousands digit of 627319?
7
What is the hundred millions digit of 1968941945?
9
What is the hundreds digit of 8349738?
7
What is the millions digit of 78284881?
8
What is the units digit of 3727961?
1
What is the hundred millions digit of 328736959?
3
What is the tens digit of 85592680?
8
What is the units digit of 17892214?
4
What is the thousands digit of 127088896?
8
What is the thousands digit of 84511949?
1
What is the ten millions digit of 979969096?
7
What is the hundred millions digit of 623060616?
6
What is the units digit of 1310517009?
9
What is the units digit of 28517768?
8
What is the units digit of 294054814?
4
What is the ten thousands digit of 6289709?
8
What is the units digit of 955824799?
9
What is the millions digit of 916894489?
6
What is the thousands digit of 79432195?
2
What is the hundred millions digit of 201257754?
2
What is the millions digit of 1466715733?
6
What is the millions digit of 2434572484?
4
What is the units digit of 11993695?
5
What is the millions digit of 1170625850?
0
What is the units digit of 199221435?
5
What is the thousands digit of 40229765?
9
What is the hundred thousands digit of 55468401?
4
What is the hundred millions digit of 359082114?
3
What is the thousands digit of 89066119?
6
What is the hundred millions digit of 341734084?
3
What is the units digit of 118257215?
5
What is the millions digit of 66893728?
6
What is the thousands digit of 65990382?
0
What is the ten thousands digit of 2557135690?
3
What is the millions digit of 166048409?
6
What is the millions digit of 83445040?
3
What is the units digit of 776668856?
6
What is the hundred millions digit of 300237379?
3
What is the thousands digit of 3590075814?
5
What is the thousands digit of 413793287?
3
What is the hundred thousands digit of 1790471318?
4
What is the units digit of 399975926?
6
What is the ten millions digit of 88452533?
8
What is the hundred millions digit of 185579381?
1
What is the units digit of 280446163?
3
What is the billions digit of 1600488521?
1
What is the units digit of 33197465?
5
What is the billions digit of 3177528383?
3
What is the thousands digit of 287199529?
9
What is the hundred thousands digit of 3642301768?
3
What is the tens digit of 888244497?
9
What is the thousands digit of 2826038?
6
What is the millions digit of 2668477513?
8
What is the hundreds digit of 8228893?
8
What is the units digit of 912752?
2
What is the ten millions digit of 1001251308?
0
What is the tens digit of 18760601?
0
What is the tens digit of 572036854?
5
What is the hundred thousands digit of 5792128?
7
What is the ten thousands digit of 313500261?
0
What is the ten thousands digit of 675016895?
1
What is the units digit of 5489429511?
1
What is the ten thousands digit of 145022012?
2
What is the tens digit of 1350290225?
2
What is the units digit of 9255138?
8
What is the millions digit of 1949538?
1
What is the hundred thousands digit of 2579674235?
6
What is the millions digit of 316052912?
6
What is the ten millions digit of 8047274430?
4
What is the hundred millions digit of 398112132?
3
What is the billions digit of 2890494614?
2
What is the units digit of 1160386933?
3
What is the hundreds digit of 952282341?
3
What is the tens digit of 77913813?
1
What is the units digit of 286566355?
5
What is the units digit of 375394536?
6
What is the thousands digit of 3066267397?
7
What is the hundreds digit of 300742362?
3
What is the millions digit of 150666173?
0
What is the ten millions digit of 26855875?
2
What is the ten thousands digit of 76571707?
7
What is the tens digit of 404623060?
6
What is the ten thousands digit of 3740966106?
6
What is the hundred millions digit of 152101950?
1
What is the hundred thousands digit of 263701357?
7
What is the tens digit of 9692321?
2
What is the millions digit of 2489227033?
9
What is the hundred thousands digit of 1607504698?
5
What is the thousands digit of 635132812?
2
What is the hundred thousands digit of 146486191?
4
What is the ten thousands digit of 3023484697?
8
What is the millions digit of 198751531?
8
What is the tens digit of 23369641?
4
What is the ten millions digit of 331680079?
3
What is the millions digit of 461682683?
1
What is the hundreds digit of 217310529?
5
What is the ten thousands digit of 428762169?
6
What is the hundreds digit of 675590674?
6
What is the thousands digit of 79700556?
0
What is the tens digit of 387470080?
8
What is the tens digit of 34425247?
4
What is the tens digit of 19088838?
3
What is the ten thousands digit of 517708507?
0
What is the hundreds digit of 36093823?
8
What is the units digit of 1025891904?
4
What is the thousands digit of 320725942?
5
What is the units digit of 511302369?
9
What is the billions digit of 2978412411?
2
What is the tens digit of 892454655?
5
What is the hundred thousands digit of 257746165?
7
What is the hundreds digit of 779620805?
8
What is the millions digit of 191638092?
1
What is the thousands digit of 5038048695?
8
What is the hundred thousands digit of 2154277181?
2
What is the hundred thousands digit of 147514844?
5
What is the tens digit of 208153431?
3
What is the ten millions digit of 55428813?
5
What is the ten thousands digit of 842011726?
1
What is the millions digit of 44657098?
4
What is the millions digit of 1429631226?
9
What is the ten millions digit of 613708757?
1
What is the thousands digit of 98615276?
5
What is the thousands digit of 34647439?
7
What is the ten millions digit of 50997695?
5
What is the millions digit of 1662755533?
2
What is the hundreds digit of 1163723802?
8
What is the ten millions digit of 346974278?
4
What is the units digit of 774958974?
4
What is the units digit of 312801140?
0
What is the tens digit of 806055059?
5
What is the hundred thousands digit of 41359240?
3
What is the units digit of 564402422?
2
What is the ten millions digit of 73610188?
7
What is the thousands digit of 363278965?
8
What is the thousands digit of 1158789184?
9
What is the ten thousands digit of 468353048?
5
What is the units digit of 16205906?
6
What is the units digit of 1718188925?
5
What is the ten millions digit of 152383457?
5
What is the units digit of 619975324?
4
What is the hundred thousands digit of 25125941?
1
What is the hundred thousands digit of 167056582?
0
What is the billions digit of 1764503837?
1
What is the tens digit of 402755308?
0
What is the tens digit of 606303395?
9
What is the ten millions digit of 11824859?
1
What is the hundred millions digit of 2088785762?
0
What is the units digit of 9421839?
9
What is the tens digit of 24067504?
0
What is the ten thousands digit of 29910055?
1
What is the hundreds digit of 78934866?
8
What is the billions digit of 4030582416?
4
What is the hundred thousands digit of 80207292?
2
What is the ten millions digit of 136019640?
3
What is the thousands digit of 3451192240?
2
What is the ten millions digit of 179786424?
7
What is the hundred thousands digit of 30360118?
3
What is the hundred thousands digit of 1262630100?
6
What is the units digit of 4466046046?
6
What is the hundreds digit of 2353815817?
8
What is the tens digit of 34670987?
8
What is the millions digit of 381151252?
1
What is the ten thousands digit of 295666734?
6
What is the millions digit of 414000880?
4
What is the hundred millions digit of 1876671167?
8
What is the units digit of 92060981?
1
What is the billions digit of 7471440239?
7
What is the thousands digit of 85879424?
9
What is the hundreds digit of 850605680?
6
What is the millions digit of 27300443?
7
What is the ten millions digit of 79226159?
7
What is the thousands digit of 727900262?
0
What is the hundred thousands digit of 9842607?
8
What is the units digit of 102992562?
2
What is the units digit of 74662419?
9
What is the tens digit of 583550011?
1
What is the ten thousands digit of 789516288?
1
What is the tens digit of 1291874347?
4
What is the millions digit of 133083852?
3
What is the millions digit of 910885858?
0
What is the thousands digit of 6564527145?
7
What is the millions digit of 39030178?
9
What is the hundred thousands digit of 14614988?
6
What 